
8
What is the hundreds digit of 58420?
4
What is the thousands digit of 10213?
0
What is the tens digit of 8310?
1
What is the ten thousands digit of 29374?
2
What is the units digit of 974?
4
What is the hundreds digit of 63199?
1
What is the hundreds digit of 2710?
7
What is the thousands digit of 19258?
9
What is the units digit of 127?
7
What is the hundreds digit of 359?
3
What is the hundreds digit of 5418?
4
What is the thousands digit of 8716?
8
What is the units digit of 594?
4
What is the units digit of 700?
0
What is the hundreds digit of 24725?
7
What is the units digit of 2176?
6
What is the thousands digit of 19517?
9
What is the tens digit of 500?
0
What is the units digit of 14639?
9
What is the hundreds digit of 719?
7
What is the units digit of 3562?
2
What is the units digit of 329?
9
What is the hundreds digit of 1586?
5
What is the hundreds digit of 4516?
5
What is the tens digit of 172?
7
What is the tens digit of 25600?
0
What is the hundreds digit of 906?
9
What is the units digit of 39498?
8
What is the units digit of 549?
9
What is the thousands digit of 7250?
7
What is the units digit of 11176?
6
What is the units digit of 74?
4
What is the hundreds digit of 4972?
9
What is the hundreds digit of 6320?
3
What is the units digit of 1459?
9
What is the hundreds digit of 1096?
0
What is the hundreds digit of 11443?
4
What is the hundreds digit of 419?
4
What is the tens digit of 1031?
3
What is the hundreds digit of 106716?
7
What is the tens digit of 3953?
5
What is the hundreds digit of 76775?
7
What is the thousands digit of 72127?
2
What is the units digit of 18679?
9
What is the tens digit of 289?
8
What is the tens digit of 2353?
5
What is the hundreds digit of 3660?
6
What is the units digit of 42868?
8
What is the units digit of 17479?
9
What is the hundreds digit of 15724?
7
What is the ten thousands digit of 21427?
2
What is the units digit of 13186?
6
What is the ten thousands digit of 108437?
0
What is the tens digit of 139?
3
What is the hundreds digit of 26305?
3
What is the hundreds digit of 3549?
5
What is the hundreds digit of 24013?
0
What is the units digit of 4822?
2
What is the hundreds digit of 1468?
4
What is the tens digit of 30400?
0
What is the units digit of 122354?
4
What is the thousands digit of 59085?
9
What is the hundreds digit of 1256?
2
What is the units digit of 3695?
5
What is the tens digit of 74565?
6
What is the ten thousands digit of 37328?
3
What is the tens digit of 977?
7
What is the tens digit of 349?
4
What is the units digit of 888?
8
What is the hundreds digit of 7517?
5
What is the hundreds digit of 158?
1
What is the units digit of 10094?
4
What is the tens digit of 70722?
2
What is the hundreds digit of 4407?
4
What is the hundreds digit of 1234?
2
What is the units digit of 12428?
8
What is the units digit of 2744?
4
What is the thousands digit of 129826?
9
What is the thousands digit of 44801?
4
What is the tens digit of 1855?
5
What is the thousands digit of 25963?
5
What is the tens digit of 12991?
9
What is the thousands digit of 1795?
1
What is the units digit of 7469?
9
What is the hundreds digit of 602?
6
What is the ten thousands digit of 50704?
5
What is the thousands digit of 28715?
8
What is the tens digit of 320?
2
What is the hundreds digit of 1609?
6
What is the units digit of 41576?
6
What is the units digit of 933?
3
What is the hundreds digit of 8265?
2
What is the units digit of 10339?
9
What is the hundreds digit of 2660?
6
What is the units digit of 74?
4
What is the tens digit of 667?
6
What is the units digit of 15058?
8
What is the units digit of 580?
0
What is the tens digit of 28865?
6
What is the tens digit of 16040?
4
What is the thousands digit of 1503?
1
What is the units digit of 21142?
2
What is the tens digit of 349?
4
What is the hundreds digit of 1092?
0
What is the hundreds digit of 1393?
3
What is the hundreds digit of 1850?
8
What is the thousands digit of 1997?
1
What is the thousands digit of 36067?
6
What is the thousands digit of 6162?
6
What is the units digit of 1781?
1
What is the thousands digit of 1232?
1
What is the hundreds digit of 4023?
0
What is the tens digit of 3418?
1
What is the thousands digit of 1646?
1
What is the hundreds digit of 35899?
8
What is the hundreds digit of 15520?
5
What is the units digit of 158?
8
What is the ten thousands digit of 69460?
6
What is the ten thousands digit of 11175?
1
What is the units digit of 4814?
4
What is the tens digit of 7221?
2
What is the hundreds digit of 2013?
0
What is the units digit of 1636?
6
What is the hundreds digit of 1635?
6
What is the units digit of 1669?
9
What is the thousands digit of 17096?
7
What is the tens digit of 28403?
0
What is the tens digit of 15944?
4
What is the hundreds digit of 145?
1
What is the hundreds digit of 2671?
6
What is the units digit of 1367?
7
What is the hundreds digit of 137?
1
What is the units digit of 3896?
6
What is the hundreds digit of 39516?
5
What is the tens digit of 4527?
2
What is the units digit of 543?
3
What is the units digit of 1419?
9
What is the thousands digit of 130054?
0
What is the hundreds digit of 130944?
9
What is the hundreds digit of 3194?
1
What is the ten thousands digit of 92492?
9
What is the units digit of 2691?
1
What is the tens digit of 2370?
7
What is the thousands digit of 4603?
4
What is the tens digit of 2855?
5
What is the hundreds digit of 2797?
7
What is the hundreds digit of 1957?
9
What is the units digit of 6215?
5
What is the hundreds digit of 10657?
6
What is the tens digit of 1503?
0
What is the hundreds digit of 6888?
8
What is the tens digit of 921?
2
What is the hundreds digit of 2689?
6
What is the tens digit of 76644?
4
What is the tens digit of 331?
3
What is the ten thousands digit of 15770?
1
What is the tens digit of 923?
2
What is the units digit of 178694?
4
What is the units digit of 296?
6
What is the tens digit of 43006?
0
What is the hundreds digit of 6720?
7
What is the ten thousands digit of 22305?
2
What is the thousands digit of 65794?
5
What is the units digit of 474?
4
What is the tens digit of 2043?
4
What is the ten thousands digit of 30800?
3
What is the thousands digit of 40619?
0
What is the thousands digit of 192129?
2
What is the tens digit of 4228?
2
What is the units digit of 1784?
4
What is the ten thousands digit of 19401?
1
What is the hundreds digit of 265?
2
What is the thousands digit of 1738?
1
What is the units digit of 1638?
8
What is the hundreds digit of 47213?
2
What is the ten thousands digit of 45744?
4
What is the hundreds digit of 1727?
7
What is the tens digit of 1551?
5
What is the tens digit of 4317?
1
What is the units digit of 4449?
9
What is the hundreds digit of 23651?
6
What is the tens digit of 1231?
3
What is the tens digit of 8917?
1
What is the units digit of 6?
6
What is the tens digit of 2052?
5
What is the tens digit of 1186?
8
What is the units digit of 65707?
7
What is the hundreds digit of 160141?
1
What is the hundreds digit of 2319?
3
What is the tens digit of 455?
5
What is the hundreds digit of 15530?
5
What is the ten thousands digit of 79518?
7
What is the hundreds digit of 35907?
9
What is the thousands digit of 63979?
3
What is the hundreds digit of 2202?
2
What is the units digit of 8385?
5
What is the thousands digit of 27401?
7
What is the thousands digit of 6637?
6
What is the units digit of 6331?
1
What is the hundreds digit of 49589?
5
What is the tens digit of 3951?
5
What is the tens digit of 101943?
4
What is the thousands digit of 39699?
9
What is the units digit of 4281?
1
What is the hundreds digit of 1273?
2
What is the units digit of 226?
6
What is the units digit of 2764?
4
What is the units digit of 6696?
6
What is the hundreds digit of 10623?
6
What is the tens digit of 8578?
7
What is the units digit of 38074?
4
What is the hundreds digit of 30568?
5
What is the units digit of 34192?
2
What is the thousands digit of 19639?
9
What is the units digit of 7114?
4
What is the hundreds digit of 1179?
1
What is the units digit of 13618?
8
What is the hundreds digit of 626?
6
What is the tens digit of 6027?
2
What is the ten thousands digit of 58414?
5
What is the hundreds digit of 85417?
4
What 